 57727?
7
What is the ten thousands digit of 1012123?
1
What is the ten thousands digit of 105176?
0
What is the hundreds digit of 428669?
6
What is the tens digit of 35062491?
9
What is the ten thousands digit of 28482543?
8
What is the thousands digit of 214971?
4
What is the units digit of 689238?
8
What is the hundreds digit of 844124?
1
What is the tens digit of 17879566?
6
What is the hundred thousands digit of 2400219?
4
What is the ten thousands digit of 187395?
8
What is the tens digit of 501323?
2
What is the tens digit of 294377?
7
What is the hundred thousands digit of 2671967?
6
What is the thousands digit of 1190022?
0
What is the units digit of 115792?
2
What is the thousands digit of 1681917?
1
What is the hundred thousands digit of 826012?
8
What is the units digit of 74837?
7
What is the ten thousands digit of 4111780?
1
What is the thousands digit of 830435?
0
What is the thousands digit of 67665?
7
What is the units digit of 7968483?
3
What is the hundred thousands digit of 889228?
8
What is the hundreds digit of 1479524?
5
What is the tens digit of 4880348?
4
What is the hundreds digit of 7356288?
2
What is the thousands digit of 20861958?
1
What is the hundreds digit of 16125500?
5
What is the millions digit of 4249629?
4
What is the hundreds digit of 31996472?
4
What is the hundred thousands digit of 13949228?
9
What is the hundreds digit of 7629955?
9
What is the hundred thousands digit of 232737?
2
What is the hundreds digit of 5016196?
1
What is the tens digit of 225442?
4
What is the units digit of 13351569?
9
What is the hundred thousands digit of 2410283?
4
What is the thousands digit of 5713819?
3
What is the thousands digit of 57000?
7
What is the hundreds digit of 11669339?
3
What is the tens digit of 1467746?
4
What is the millions digit of 1228482?
1
What is the thousands digit of 7915185?
5
What is the tens digit of 805369?
6
What is the hundreds digit of 1634024?
0
What is the units digit of 790750?
0
What is the ten thousands digit of 10816?
1
What is the tens digit of 4359647?
4
What is the tens digit of 3268703?
0
What is the ten thousands digit of 346220?
4
What is the hundred thousands digit of 145948?
1
What is the hundreds digit of 1364226?
2
What is the hundreds digit of 1084410?
4
What is the hundred thousands digit of 673305?
6
What is the hundred thousands digit of 116830?
1
What is the ten millions digit of 37451090?
3
What is the ten thousands digit of 2787245?
8
What is the units digit of 22531546?
6
What is the ten thousands digit of 3627846?
2
What is the ten thousands digit of 7467198?
6
What is the hundreds digit of 4075453?
4
What is the hundreds digit of 437370?
3
What is the hundreds digit of 176464?
4
What is the tens digit of 566063?
6
What is the ten thousands digit of 10520?
1
What is the thousands digit of 105544?
5
What is the tens digit of 19502109?
0
What is the hundreds digit of 873784?
7
What is the hundreds digit of 510993?
9
What is the ten thousands digit of 19813035?
1
What is the millions digit of 1035992?
1
What is the thousands digit of 1154328?
4
What is the ten thousands digit of 6748818?
4
What is the millions digit of 6127782?
6
What is the thousands digit of 499857?
9
What is the thousands digit of 6170981?
0
What is the hundreds digit of 166771?
7
What is the units digit of 1882916?
6
What is the ten millions digit of 27819701?
2
What is the tens digit of 350126?
2
What is the tens digit of 59261?
6
What is the thousands digit of 4835717?
5
What is the units digit of 900108?
8
What is the units digit of 361275?
5
What is the thousands digit of 180958?
0
What is the units digit of 157055?
5
What is the thousands digit of 79897?
9
What is the tens digit of 4244027?
2
What is the thousands digit of 147864?
7
What is the millions digit of 4027363?
4
What is the tens digit of 222430?
3
What is the thousands digit of 441085?
1
What is the millions digit of 1920011?
1
What is the thousands digit of 132533?
2
What is the millions digit of 16651230?
6
What is the thousands digit of 162278?
2
What is the ten thousands digit of 91222?
9
What is the thousands digit of 243861?
3
What is the hundreds digit of 878294?
2
What is the hundreds digit of 4367027?
0
What is the ten thousands digit of 14763803?
6
What is the hundred thousands digit of 3426633?
4
What is the tens digit of 3432398?
9
What is the units digit of 31684170?
0
What is the tens digit of 2363793?
9
What is the units digit of 4277521?
1
What is the thousands digit of 231445?
1
What is the hundreds digit of 1548759?
7
What is the thousands digit of 6352331?
2
What is the thousands digit of 342786?
2
What is the thousands digit of 165342?
5
What is the tens digit of 5286062?
6
What is the ten millions digit of 12676595?
1
What is the tens digit of 10504549?
4
What is the hundred thousands digit of 3524671?
5
What is the hundred thousands digit of 4210017?
2
What is the thousands digit of 8599475?
9
What is the millions digit of 2561814?
2
What is the ten thousands digit of 361987?
6
What is the hundreds digit of 3178501?
5
What is the hundred thousands digit of 6119402?
1
What is the hundreds digit of 12123572?
5
What is the hundreds digit of 253948?
9
What is the ten thousands digit of 61154?
6
What is the millions digit of 7428033?
7
What is the hundreds digit of 20550500?
5
What is the tens digit of 2187954?
5
What is the units digit of 4936863?
3
What is the hundred thousands digit of 889554?
8
What is the units digit of 187129?
9
What is the hundreds digit of 5037325?
3
What is the tens digit of 126269?
6
What is the tens digit of 538933?
3
What is the tens digit of 200746?
4
What is the units digit of 11765263?
3
What is the ten millions digit of 38649750?
3
What is the hundred thousands digit of 21832401?
8
What is the hundreds digit of 1341455?
4
What is the ten thousands digit of 64183?
6
What is the millions digit of 7298223?
7
What is the hundreds digit of 102919?
9
What is the hundreds digit of 2164338?
3
What is the thousands digit of 210440?
0
What is the units digit of 82200?
0
What is the ten thousands digit of 8123970?
2
What is the hundreds digit of 1025000?
0
What is the hundreds digit of 1837167?
1
What is the hundred thousands digit of 364040?
3
What is the hundred thousands digit of 2161251?
1
What is the ten millions digit of 16255484?
1
What is the units digit of 144175?
5
What is the tens digit of 169033?
3
What is the units digit of 1535455?
5
What is the hundred thousands digit of 192545?
1
What is the tens digit of 5975913?
1
What is the units digit of 39621?
1
What is the hundreds digit of 7868433?
4
What is the thousands digit of 3288708?
8
What is the tens digit of 295067?
6
What is the units digit of 23688?
8
What is the tens digit of 1893999?
9
What is the thousands digit of 465402?
5
What is the tens digit of 258151?
5
What is the hundreds digit of 109500?
5
What is the thousands digit of 1688981?
8
What is the hundreds digit of 10572?
5
What is the hundred thousands digit of 144529?
1
What is the hundreds digit of 1063883?
8
What is the units digit of 1487007?
7
What is the tens digit of 340508?
0
What is the tens digit of 527086?
8
What is the tens digit of 500062?
6
What is the tens digit of 897851?
5
What is the thousands digit of 9260077?
0
What is the hundreds digit of 44351?
3
What is the tens digit of 6938?
3
What is the ten thousands digit of 620430?
2
What is the units digit of 2444201?
1
What is the tens digit of 240837?
3
What is the hundreds digit of 948366?
3
What is the tens digit of 131177?
7
What is the thousands digit of 2858968?
8
What is the hundreds digit of 1129231?
2
What is the millions digit of 12498840?
2
What is the thousands digit of 1486129?
6
What is the thousands digit of 1282564?
2
What is the units digit of 22831605?
5
What is the units digit of 212925?
5
What is the ten thousands digit of 5222420?
2
What is the ten millions digit of 11404973?
1
What is the hundreds digit of 3647?
6
What is the ten thousands digit of 145849?
4
What is the hundreds digit of 315207?
2
What is the units digit of 629770?
0
What is the hundreds digit of 51980?
9
What is the millions digit of 2766669?
2
What is the thousands digit of 128340?
8
What is the ten thousan